26?
526
What is the highest common divisor of 6095 and 4335385?
115
What is the greatest common divisor of 18152238 and 6?
6
What is the highest common divisor of 10801748 and 2020?
404
What is the greatest common factor of 72 and 1439944?
8
Calculate the highest common divisor of 243351884 and 628.
628
What is the greatest common divisor of 182160 and 26895?
165
What is the highest common divisor of 32158552 and 6769?
967
Calculate the highest common factor of 52 and 8875802.
26
What is the highest common divisor of 1224 and 11481273?
153
Calculate the highest common factor of 416507 and 107479.
23
Calculate the greatest common divisor of 3070944 and 54816.
96
Calculate the greatest common divisor of 17801191 and 71.
71
Calculate the greatest common divisor of 54490801 and 566.
283
Calculate the highest common factor of 5762 and 14669918.
134
Calculate the highest common divisor of 7306 and 54.
2
What is the highest common divisor of 537 and 42349?
1
What is the greatest common factor of 106450943 and 11883?
233
Calculate the greatest common factor of 7449 and 23921222.
2483
Calculate the greatest common divisor of 504906825 and 15.
15
What is the highest common factor of 1449806378 and 3646?
3646
Calculate the greatest common divisor of 26638 and 20518270.
1402
Calculate the greatest common factor of 226504485 and 9.
9
Calculate the greatest common divisor of 22498 and 3402.
14
Calculate the greatest common divisor of 19 and 25910813.
19
What is the greatest common factor of 5303 and 338771549?
5303
Calculate the greatest common factor of 2811490 and 165.
55
Calculate the greatest common divisor of 22786 and 44.
2
What is the greatest common divisor of 827712552 and 48?
24
What is the highest common divisor of 2113876 and 28?
4
What is the greatest common divisor of 1170426 and 120?
6
Calculate the greatest common factor of 326180 and 481636.
1388
What is the highest common divisor of 27555231 and 302995?
8657
What is the highest common divisor of 1930890767 and 13?
13
Calculate the greatest common divisor of 306 and 2380544.
34
Calculate the greatest common factor of 33 and 94026031.
11
What is the greatest common divisor of 6740 and 14289020?
20
What is the highest common divisor of 924 and 1271956?
28
Calculate the highest common factor of 30636 and 1105794.
414
Calculate the greatest common divisor of 136590535 and 745.
745
Calculate the highest common factor of 2207488 and 208.
16
Calculate the highest common divisor of 209 and 5764429.
209
Calculate the highest common divisor of 217315 and 1421.
49
What is the greatest common divisor of 159 and 2676341?
53
What is the greatest common divisor of 184 and 264845828?
92
What is the greatest common divisor of 559043 and 2752?
43
Calculate the greatest common factor of 119709842 and 1862.
1862
What is the highest common factor of 423 and 24096759?
141
Calculate the greatest common divisor of 425776 and 95264.
208
What is the highest common factor of 3690292 and 68?
68
Calculate the greatest common divisor of 11083045 and 5.
5
Calculate the highest common divisor of 251065 and 45.
5
What is the highest common divisor of 1818630 and 1179?
9
What is the highest common divisor of 10030168 and 6968?
536
What is the greatest common divisor of 10 and 132231610?
10
Calculate the greatest common factor of 216972 and 11193.
861
Calculate the highest common factor of 1710 and 1621764.
342
What is the highest common divisor of 233297088 and 32?
32
What is the greatest common factor of 2 and 41803922?
2
Calculate the highest common factor of 359890 and 3074.
58
What is the highest common factor of 22936 and 21241838?
94
Calculate the highest common divisor of 175257490 and 10.
10
Calculate the greatest common divisor of 59891534 and 190.
38
Calculate the greatest common factor of 14675247 and 5718.
2859
What is the highest common divisor of 49588 and 3651043?
253
What is the highest common factor of 193284086 and 6478?
6478
What is the greatest common factor of 260170236 and 27?
9
What is the greatest common factor of 548825999 and 628?
157
What is the greatest common divisor of 27485428 and 1892?
172
Calculate the greatest common factor of 50 and 32904425.
25
Calculate the greatest common divisor of 1938445 and 20945.
295
Calculate the greatest common factor of 5172 and 40068.
12
What is the highest common factor of 20701390 and 886?
886
Calculate the highest common divisor of 32 and 5237912.
8
What is the highest common factor of 2171490069 and 889?
889
Calculate the highest common factor of 54 and 12697110.
18
Calculate the greatest common factor of 37265 and 8951053.
7453
Calculate the highest common factor of 17 and 39566293.
17
Calculate the greatest common factor of 47922 and 14644.
14
Calculate the greatest common factor of 43 and 551542252.
43
Calculate the highest common divisor of 180882 and 8814.
78
Calculate the highest common factor of 138 and 60513.
69
What is the greatest common divisor of 887596296 and 24?
24
Calculate the greatest common divisor of 35891420 and 1700.
340
What is the greatest common factor of 20078665 and 4670?
2335
Calculate the greatest common divisor of 882 and 1266601.
49
Calculate the greatest common factor of 125793 and 51.
3
Calculate the highest common divisor of 198651440 and 104.
104
What is the greatest common divisor of 232 and 3016493?
29
What is the highest common divisor of 15996 and 29801664?
372
What is the greatest common factor of 1625 and 81266575?
325
Calculate the highest common factor of 2820 and 2961705.
705
Calculate the highest common factor of 120 and 7266880.
40
Calculate the greatest common factor of 1623395220 and 20.
20
What is the highest common factor of 30525 and 177563?
37
What is the highest common divisor of 589083 and 33?
33
Calculate the greatest common factor of 4092 and 11647878.
2046
Calculate the highest common divisor of 502511100 and 150.
150
What is the highest common factor of 1997462 and 754?
58
What is the highest common divisor of 10331565 and 3195?
1065
What is the highest common divisor of 3718165 and 8107?
737
Calculate the highest common divisor of 3073707 and 1134.
567
Calculate the highest common divisor of 140765850 and 32400.
4050
What is the greatest common divisor of 1973992 and 28829?
227
What is the highest common factor of 1736 and 4221208?
248
What is the greatest common factor of 6074355 and 125?
5
Calculate the greatest common divisor of 10166310 and 30618.
1134
What is the highest common factor of 7029 and 1002949266?
2343
Calculate the highest common divisor of 20330890 and 10.
10
What is the highest common divisor of 48 and 8061396?
12
What is the highest common factor of 69 and 915963891?
69
Calculate the highest common factor of 2441286 and 99.
9
What is the highest common factor of 253453 and 4912077?
877
What is the highest common factor of 151998 and 104622?
1974
What is the greatest common factor of 9960208 and 32?
16
Calculate the greatest common factor of 12800601 and 792.
99
Calculate the highest common divisor of 176 and 5264336.
176
Calculate the greatest common divisor of 357 and 1508937.
51
What is the greatest common factor of 52829035 and 556?
139
Calculate the highest common divisor of 2648 and 67447208.
2648
Calculate the highest common factor of 169 and 5018793.
169
What is the greatest common divisor of 20409228 and 10500?
84
Calculate the highest common factor of 798002 and 1091107.
1891
What is the highest common factor of 2916 and 8720?
4
Calculate the greatest common factor of 127 and 72114283.
127
What is the highest common factor of 2102589 and 4302?
9
Calculate the greatest common factor of 1386715860 and 10908.
3636
What is the highest common factor of 30279747 and 6?
3
What is the highest common divisor of 244 and 158215883?
61
What is the highest common factor of 30352155 and 46545?
1605
What is the highest common factor of 247428 and 14761?
29
What is the greatest common factor of 584912080 and 7360?
1840
Calculate the greatest common divisor of 170326 and 2938.
26
What is the highest common factor of 528 and 3670348?
44
What is the highest common factor of 688966 and 94?
2
What is the highest common divisor of 2259067 and 1313?
101
Calculate the highest common factor 